sor of 3388 and 10492020?
308
Calculate the greatest common divisor of 2 and 5208598.
2
Calculate the highest common divisor of 350985442 and 1538.
1538
Calculate the greatest common factor of 1839266200 and 100.
100
What is the highest common divisor of 23200925 and 3530?
1765
Calculate the highest common factor of 6831 and 2611818.
297
What is the greatest common divisor of 1432 and 4120938?
358
What is the greatest common factor of 1036 and 411823468?
1036
Calculate the greatest common factor of 31363 and 260432.
397
What is the greatest common factor of 63 and 510754041?
63
What is the greatest common divisor of 1934790 and 135?
15
Calculate the highest common factor of 14 and 69444480.
14
What is the greatest common factor of 1337 and 40327?
7
What is the highest common divisor of 19053 and 115192321?
2117
What is the highest common divisor of 645120 and 1695?
15
Calculate the greatest common factor of 28465608 and 12.
12
What is the greatest common divisor of 29792484 and 13661?
719
What is the highest common divisor of 126486591 and 69?
69
What is the highest common factor of 1822584 and 48?
24
Calculate the greatest common factor of 4254327 and 9702.
4851
What is the greatest common factor of 4559661 and 18?
9
Calculate the highest common divisor of 34212920 and 4142.
4142
What is the greatest common factor of 28037095 and 107262?
5959
Calculate the highest common factor of 4 and 7524148.
4
Calculate the highest common divisor of 36752 and 3808426.
4594
Calculate the greatest common factor of 12588 and 14830762.
2098
What is the greatest common divisor of 6440 and 4295?
5
Calculate the greatest common factor of 5305488 and 192.
48
What is the greatest common factor of 901 and 55614649?
53
Calculate the greatest common divisor of 810 and 352890.
270
Calculate the greatest common divisor of 2887938 and 18.
18
What is the greatest common divisor of 523464816 and 1785?
357
Calculate the highest common factor of 145145930 and 4330.
4330
Calculate the highest common factor of 17 and 1481565980.
17
Calculate the highest common factor of 1286637224 and 8.
8
Calculate the highest common divisor of 266 and 13309702.
14
What is the greatest common divisor of 215 and 316735?
5
Calculate the highest common divisor of 142458611 and 16391.
443
What is the greatest common factor of 25000 and 39740?
20
What is the highest common divisor of 3408622 and 98?
14
Calculate the greatest common factor of 479602 and 5104.
58
What is the greatest common factor of 752 and 33604389?
47
Calculate the greatest common divisor of 16280 and 3745720.
440
Calculate the greatest common divisor of 167678 and 28217.
203
What is the highest common divisor of 1469746 and 1297798?
4094
What is the highest common factor of 94114602 and 13905?
2781
Calculate the greatest common divisor of 226554 and 3461448.
3714
Calculate the greatest common factor of 6997796 and 4420.
52
Calculate the greatest common factor of 37444513 and 182482.
3967
Calculate the highest common factor of 35148 and 18428460.
1212
Calculate the highest common divisor of 312 and 4657536.
312
What is the highest common factor of 3040 and 351614?
38
What is the greatest common factor of 1905800445 and 15?
15
Calculate the greatest common divisor of 8655112 and 3286.
106
What is the highest common factor of 19538019 and 1194?
597
What is the highest common divisor of 18755 and 3384425?
1705
Calculate the highest common factor of 8484 and 2078097.
21
Calculate the highest common factor of 492822 and 1085337.
1881
Calculate the greatest common divisor of 7511 and 706759.
29
What is the highest common factor of 516 and 2344443?
3
What is the greatest common factor of 1757983409 and 83?
83
What is the greatest common divisor of 57 and 35008469?
19
What is the highest common factor of 658688 and 43741?
2573
What is the highest common factor of 9 and 53107011?
9
What is the greatest common divisor of 8149 and 728071?
281
What is the greatest common factor of 26005 and 120501969?
5201
Calculate the greatest common factor of 216 and 3581469.
27
Calculate the greatest common divisor of 13357640 and 40.
40
What is the greatest common divisor of 2464889 and 3225?
43
Calculate the highest common factor of 1765152 and 3856.
16
Calculate the greatest common divisor of 41 and 3113663697.
41
What is the greatest common divisor of 17955 and 2093?
7
Calculate the greatest common factor of 12 and 2051878776.
12
Calculate the highest common factor of 287 and 89767860.
287
What is the highest common factor of 2798000 and 4100?
100
What is the highest common divisor of 47455409 and 328?
41
What is the highest common divisor of 1504 and 3160656?
752
Calculate the greatest common factor of 874912 and 190.
38
Calculate the greatest common factor of 21888 and 1375182.
342
Calculate the greatest common divisor of 681226 and 166166.
182
What is the highest common divisor of 55 and 237581215?
5
What is the highest common factor of 1643723 and 4927?
379
What is the greatest common divisor of 15966345 and 4792?
599
Calculate the highest common divisor of 18 and 4219700.
2
What is the highest common divisor of 1728 and 7254336?
192
Calculate the highest common factor of 42446579 and 749.
749
Calculate the greatest common factor of 2211 and 166629.
201
What is the highest common factor of 2540671 and 28?
7
Calculate the greatest common factor of 14868 and 13144964.
1652
What is the greatest common factor of 233280 and 159084?
324
What is the greatest common divisor of 444 and 34493028?
444
What is the highest common divisor of 3588 and 4810312?
1196
Calculate the greatest common divisor of 308 and 126955108.
28
Calculate the greatest common divisor of 34347178 and 556.
278
What is the highest common divisor of 6 and 25442874?
6
Calculate the greatest common factor of 440 and 397552760.
440
What is the highest common divisor of 1088 and 108188?
68
What is the highest common factor of 50328 and 191844?
36
What is the highest common factor of 114772 and 3696?
28
Calculate the greatest common divisor of 15601146 and 66.
66
What is the highest common divisor of 1474 and 327563?
67
What is the highest common factor of 461391461 and 1067?
97
What is the highest common divisor of 21610530 and 18?
18
What is the highest common factor of 205321 and 10233344?
1817
Calculate the greatest common factor of 58543035 and 10.
5
What is the greatest common divisor of 12070 and 6223150?
710
Calculate the highest common divisor of 626808 and 197484.
84
Calculate the highest common divisor of 3597 and 4290726.
33
What is the highest common factor of 3000 and 7388208?
24
Calculate the greatest common divisor of 41987355 and 30.
15
What is the greatest common factor of 16710795 and 22995?
3285
What is the highest common factor of 65 and 8284861?
13
Calculate the highest common divisor of 242802 and 5067272.
574
Calculate the highest common divisor of 33932 and 1225.
1
Calculate the highest common factor of 3467059587 and 9.
9
What is the greatest common divisor of 9394 and 44534?
14
What is the highest common factor of 160472 and 4211688?
104
What is the highest common factor of 92728 and 195227213?
11591
Calculate the highest common divisor of 10830 and 1532880.
30
Calculate the greatest common divisor of 16 and 25737508.
4
What is the greatest common divisor of 59541 and 400233?
267
Calculate the highest common divisor of 390 and 63016278.
78
What is the highest common divisor of 9580 and 95731024?
1916
What is the highest common divisor of 1697 and 20044964?
1697
Calculate the highest common factor of 141 and 8948941.
47
Calculate the greatest common factor of 1503 and 7587.
9
What is the highest common factor of 6707 and 4532873?
353
What is the greatest common factor of 29079 and 28863?
27
What is the greatest common divisor of 1171030 and 210?
70
Calculate the highest common divisor of 16119 and 92610.
27
Calculate the greatest common divisor of 26 and 10133318.
26
Calculate the highest common divisor of 4194 and 375822.
18
What is the greatest common divisor of 20224 and 1032000?
64
What is the highest common divisor of 19 and 4869301?
19
Calculate the greatest common factor of 88 and 1983248.
8
What is the greatest common divisor of 66 and 176722568?
22
